6 - 10)/((8/(-35))/4). Calculate the highest common divisor of h and s.
6
Suppose -3*z + 186 = 2*v, 0 = 3*v + 70*z - 74*z - 296. Calculate the greatest common divisor of 1696 and v.
32
Let s be -4*(-56)/35*5/2. Let k be 6/s + (-60599)/(-88). What is the greatest common divisor of k and 13?
13
Let b be 4/((6/(-28))/(9/(-6))). Suppose 0 = -2*q + 4*q - b. What is the greatest common divisor of 28 and q?
14
Let r be (-63)/21 + 1*7. Let s be r + 19 + (-15)/(-3). Calculate the greatest common divisor of s and 63.
7
Let o(h) = 5*h**3 - 186*h**2 + 557*h - 154. Let a be o(34). Let d be 2/(-4) - 109/(-2). What is the greatest common divisor of a and d?
18
Let p = -2 + 11. Let l = -56 - -48. Let i be (-95)/l + (-6)/(-48). Calculate the greatest common factor of p and i.
3
Let k(q) = 9*q**2 + 2*q - 1. Suppose 8*d + 31 - 127 = 0. Let b be (2/d)/(2/12). Let j be k(b). Calculate the greatest common factor of 110 and j.
10
Let c(s) = 4*s**2 + s - 1. Let v be c(2). Let m be 0 + (-5)/(5/(-329)) + (-9 - -3). Calculate the greatest common divisor of v and m.
17
Let o(k) = -59*k**2 - 474*k + 8. Let t be o(-8). Calculate the highest common factor of t and 117.
3
Let i be (-492)/60 - -7 - (-81)/5. Suppose -i = -6*f + 21. Let h be 2 + (-5)/((-5)/76). Calculate the greatest common divisor of f and h.
6
Suppose 3*k - 832 = -802. Suppose -k*a + 115 = -215. Calculate the highest common factor of a and 462.
33
Suppose 4*d - 6*d + 112 = 0. Let f = 64911 + -64879. What is the highest common factor of d and f?
8
Let t = 76 - 81. Let c = t - 7. Let o be c/(-24) - 125/(-2). Calculate the greatest common divisor of 42 and o.
21
Let s be (2/3 - 5660/(-15)) + 0. What is the greatest common divisor of s and 270?
54
Let c be 952/(-102)*30/21*-1077. Calculate the greatest common divisor of c and 40.
40
Let y be (-2)/6*0/(-1). Let j be (2 - y)/4 + 75/6. What is the greatest common divisor of 1 and j?
1
Let m(v) = 940*v - 656. Let t be m(2). What is the highest common factor of 510 and t?
102
Let v be 188/4*(3 - -36) - -3. What is the highest common divisor of v and 136?
68
Let p(v) = -10*v**2 - 33*v - 2. Let b(z) = -20*z**2 - 66*z - 3. Let j(a) = -2*b(a) + 5*p(a). Let x be j(-3). Calculate the highest common divisor of 20 and x.
5
Suppose 0 = -n - 14 - 52. Let t = n - -69. Suppose -5*w = t*g - 3*w - 50, 0 = 3*w + 15. What is the greatest common factor of g and 50?
10
Suppose 0 = -20*v + 7847 + 2053. Suppose 5 = 22*k - 1205. Calculate the highest common factor of k and v.
55
Suppose 0 = -p + 8 + 23. Let n = -27 + p. Suppose n*j = 182 - 70. What is the greatest common divisor of 4 and j?
4
Let q(m) = 322*m + 2312. Let l be q(-5). Calculate the highest common factor of 806 and l.
26
Suppose 4*f = -209 + 1001. Suppose 0 = n - f - 124. Let o = 809 - 763. What is the highest common divisor of n and o?
46
Suppose -10904 = -190*p + 132*p. Calculate the greatest common factor of 108 and p.
4
Let s be (650/7)/((90/252)/5). Calculate the highest common divisor of 2210 and s.
130
Let n be -12 + 1 - (3 + 1)/4. Let o(a) = 4*a + 62. Let d be o(n). What is the greatest common divisor of d and 7?
7
Suppose 126*i - 1939 = 17717. What is the greatest common factor of i and 559?
13
Let v be ((-1489)/2)/(9/18*-1) + 2. What is the highest common divisor of v and 21?
21
Suppose -4*f = -47*h + 36*h - 97781, f + 4*h = 24479. What is the highest common divisor of f and 93?
93
Let d(y) = -638*y + 128. Let w be d(-4). Calculate the greatest common factor of w and 67.
67
Let h = 111 - 209. Let u = 89 + h. Let i be (u/(-6))/(24/880). What is the greatest common divisor of i and 33?
11
Let g = 384 + -589. Let s = g + 420. Calculate the highest common factor of 86 and s.
43
Let u(p) = -p**3 - 26*p**2 - p - 44. Let z be u(-26). Let s be (-210)/(-5) - z/(-9). Calculate the highest common factor of 140 and s.
20
Suppose -5*q + 11761 = -q - g, 4*g - 8816 = -3*q. What is the highest common factor of q and 60?
60
Let t(k) = -10*k + 45. Let c = -150 - -149. Let h be (-212)/16 + (c - (-15)/12). Let v be t(h). Calculate the highest common divisor of v and 25.
25
Let u = -115 - -117. Suppose q = 5*j + 85 + 194, 0 = -4*q + u*j + 1062. Let w = q - 184. What is the highest common divisor of w and 10?
10
Suppose 313 = y + 4*a, -a - a = -3*y + 897. Let b be (-4)/30 + (-3)/(-135)*186. Suppose -b*k + 198 = 26. Calculate the highest common factor of y and k.
43
Let j be 60/(-25)*(2040/(-18))/17. Calculate the greatest common divisor of j and 760.
8
Let y = 16 + -17. Let p be (15*y)/((-15)/10). What is the highest common factor of p and 290?
10
Let c be (-4 + 28/8)*(-5 + 328/(-8)). What is the highest common factor of c and 437?
23
Suppose 3*o + 9*o = 828. Suppose o = z + 70. Let y be (-2 + -5)*(106/(-14) + z). Calculate the highest common divisor of y and 15.
15
Let i = 7 + -7. Let t(l) be the third derivative of -l**5/60 + l**4/6 + 7*l**3/3 + 385*l**2. Let y be t(i). Calculate the greatest common divisor of y and 77.
7
Let c = -160 + 166. Let b(l) = 14*l + 7*l**2 - 2*l**2 - 6*l**2 + 2. Let j be b(10). What is the highest common factor of j and c?
6
Suppose 22*s - 2144 = -494. What is the greatest common divisor of 775 and s?
25
Suppose 16*x - 90 = 21*x. Let f be (x/(-10))/(-4 - 505/(-125)). Calculate the highest common factor of f and 180.
45
Let h(m) = m**3 + 74*m**2 - 228*m + 281. Let l be h(-77). Let p be 33 + -4 + (-1 - -2). Suppose -8*g = -5*g - p. Calculate the highest common factor of l and g.
10
Let i = 96 - 85. Let p be i/(-1) - -6 - 8*-1. Calculate the highest common divisor of 4 and p.
1
Suppose -w = -3*b + 50, -3*w + 21 = 2*b - 16. Let h be ((-17)/4)/(486/(-120) - -4). Calculate the greatest common factor of b and h.
17
Let b be (-27 + 26)/((-1)/399). Suppose 10*u - 3*u - b = 0. Let k = 61 - u. Calculate the highest common factor of k and 4.
4
Let x = 4724 + -4723. Let r(h) be the third derivative of 47*h**5/20 + h**4/24 - h**3/3 - h**2. Let u be r(x). Calculate the highest common factor of 20 and u.
20
Let s = 368 - 598. Let z = 241 + s. Calculate the greatest common factor of 253 and z.
11
Let q = -851 - -942. What is the highest common divisor of q and 455?
91
Suppose -3*k = -3*t + 219, 4*t = 2*t - 3*k + 126. Suppose 42*x - 3042 = -4*a + 45*x, -2267 = -3*a - 5*x. What is the greatest common divisor of a and t?
69
Let v(w) = -6*w**2 - 163*w + 58. Let j be v(-27). What is the highest common divisor of 6 and j?
1
Suppose -10 = -12*d + 7*d, 0 = 2*x - 4*d - 64. Calculate the greatest common factor of 486 and x.
18
Let p be (-416*9)/(-12) + 13. Calculate the highest common factor of 1200 and p.
25
Suppose 0 = -3*g - 3*t + 2*t + 8, -g + t + 4 = 0. Let j be (10/6 + -1)*g. Suppose j*y = -9*y + 242. What is the highest common divisor of y and 22?
22
Suppose -7*y = -5*y + 18. Let i(h) = -h**2 - 11*h - 13. Let m be i(y). Suppose 76 + 79 = m*x. What is the highest common divisor of 31 and x?
31
Let k be (-1 - (4 + -4))*-1 - -16. Suppose -5*r = -k - 28. Suppose -3 = p - 75. Calculate the greatest common factor of r and p.
9
Let z(w) = -w**3 + 47*w**2 - 358*w - 41. Let f be z(37). What is the highest common factor of f and 217?
31
Let m be (10/5)/(8/(-20)*-1). Suppose -m*h + 383 = -17. What is the greatest common divisor of h and 30?
10
Let f be (1710/152)/(26/(-16) + 2). Calculate the greatest common factor of f and 2505.
15
Let g(l) = 85*l + 1448. Let b be g(-17). What is the highest common divisor of b and 5958?
3
Let i(c) = c - 13. Let v be i(17). Suppose -3*l = -6, y = -v*l + 5*l + 8. Suppose -2*q + 23 = -27. What is the highest common factor of y and q?
5
Let w = 33703 + -33683. Let h(t) = t**2 - t + 4. Suppose 4*l - l = 0. Let m be h(l). Calculate the highest common divisor of w and m.
4
Let o(w) = 18*w**2 + 467*w - 11. Let r be o(-26). What is the highest common factor of r and 915?
15
Let y be 2855 + (280/7)/8. Suppose -5*i = -l + 593, -29*l + y = -24*l - 4*i. What is the highest common divisor of 71 and l?
71
Let o = -164 + 74. Let d = o + 96. Let b = 41 - 23. What is the highest common factor of d and b?
6
Let t(n) = -10959*n - 3399. Let o be t(-1). Calculate the greatest common factor of 192 and o.
24
Let c(a) = -a**3 + 81*a**2 + 265*a - 1041. Let h be c(84). Suppose -3*q + 66 = -4*o - 24, -5*q = -2*o - 164. Calcul